{"id":14410,"date":"2020-10-25T20:38:50","date_gmt":"2020-10-25T19:38:50","guid":{"rendered":"https:\/\/www.hollauf.at\/uschi\/?page_id=14410"},"modified":"2020-11-02T18:56:11","modified_gmt":"2020-11-02T17:56:11","slug":"datenschutzerklaerung","status":"publish","type":"page","link":"https:\/\/www.hollauf.at\/uschi\/datenschutzerklaerung\/","title":{"rendered":"Datenschutzerkl\u00e4rung"},"content":{"rendered":"<div class=\"fusion-fullwidth fullwidth-box fusion-builder-row-1 nonhundred-percent-fullwidth non-hundred-percent-height-scrolling\" style=\"--awb-border-radius-top-left:0px;--awb-border-radius-top-right:0px;--awb-border-radius-bottom-right:0px;--awb-border-radius-bottom-left:0px;--awb-flex-wrap:wrap;\" ><div class=\"fusion-builder-row fusion-row\"><div class=\"fusion-layout-column fusion_builder_column fusion-builder-column-0 fusion_builder_column_1_1 1_1 fusion-one-full fusion-column-first fusion-column-last\" style=\"--awb-bg-size:cover;--awb-margin-bottom:0px;\"><div class=\"fusion-column-wrapper fusion-flex-column-wrapper-legacy\"><div class=\"fusion-text fusion-text-1\"><h2 class=\"wp-block-heading\">Datenschutzerkl\u00e4rung &#8211; Uschi Hollauf\u00a0 &#8211; S\u00e4ngerin<\/h2>\n<p>Ich nehme den Schutz Ihrer pers\u00f6nlichen Daten sehr ernst und halte mich sich strikt an die Regeln der bestehenden Datenschutzgesetze. Personenbezogene Daten werden auf dieser Webseite nur im technisch notwendigen Umfang erhoben. In keinem Fall werden die erhobenen Daten verkauft oder aus anderen Gr\u00fcnden unbefugt an Dritte weitergegeben. Ausgenommen von dieser Weitergabe an Dritte sind Daten, die wir zum Betrieb des Webshops und zur korrekten Abwicklung Ihres Einkaufs an Dritte weitergeben m\u00fcssen (z.B.: f\u00fcr den Zahlungsverkehr oder f\u00fcr den Postversand).<\/p>\n<p>Die nachfolgende Erkl\u00e4rung gibt Ihnen einen \u00dcberblick dar\u00fcber, wie dieser Schutz gew\u00e4hrleistet wird und welche Art von Daten zu welchem Zweck erhoben werden.<\/p>\n<h4>Recht auf Auskunftserteilung<\/h4>\n<p>Sie haben nach \u00a7 26 Datenschutzgesetz 2000 (DSG 2000) und nach EU-Datenschutz-Grundverordnung (DSGVO) das Recht, jederzeit Auskunft \u00fcber die zu Ihrer Person verarbeiteten Daten durch mich zu verlangen. Diese Auskunft erhalten Sie jederzeit von uns auf Ihr schriftliches Ansuchen.<\/p>\n<p>Dieses Ansuchen richten Sie bitte per E-Mail an: datenschutz@hollauf.at<\/p>\n<p>Die Erteilung der Auskunft erfolgt einmal im Kalenderjahr kostenlos. F\u00fcr weitere Auskunftserteilungen im Rahmen eines Kalenderjahres haben wir Anspruch auf einen Kostenersatz. Die Auskunftserteilung erfolgt innerhalb von 8 Wochen ab Einlangen des Ersuchens bei uns. Sie erhalten Auskunft \u00fcber die verarbeiteten Daten, die Informationen \u00fcber Ihre Herkunft, allf\u00e4llige Empf\u00e4nger bzw. den Zweck der Datenverarbeitung sowie die Rechtsgrundlagen hierf\u00fcr.<br \/>Sie haben auch das Recht, eine Best\u00e4tigung dar\u00fcber zu verlangen, ob betreffende Daten verarbeitet werden und auf Auskunft \u00fcber diese Daten sowie auf weitere Informationen und Kopie der Daten entsprechend Art. 15 DSGVO. Sie haben entsprechend. Art. 16 DSGVO das Recht, die Vervollst\u00e4ndigung der Sie betreffenden Daten oder die Berichtigung der Sie betreffenden unrichtigen Daten zu verlangen. Sie haben nach Ma\u00dfgabe des Art. 17 DSGVO das Recht zu verlangen, dass betreffende Daten unverz\u00fcglich gel\u00f6scht werden, bzw. alternativ nach Ma\u00dfgabe des Art. 18 DSGVO eine Einschr\u00e4nkung der Verarbeitung der Daten zu verlangen. Sie haben das Recht zu verlangen, dass die Sie betreffenden Daten, die Sie uns bereitgestellt haben nach Ma\u00dfgabe des Art. 20 DSGVO zu erhalten und deren \u00dcbermittlung an andere Verantwortliche zu fordern.<br \/>Sie haben ferner gem. Art. 77 DSGVO das Recht, eine Beschwerde bei der zust\u00e4ndigen Aufsichtsbeh\u00f6rde einzureichen.<\/p>\n<h4>Widerrufsrecht<\/h4>\n<p>Sie haben das Recht, erteilte Einwilligungen gem. Art. 7 Abs. 3 DSGVO mit Wirkung f\u00fcr die Zukunft zu widerrufen.<\/p>\n<h4>Widerspruchsrecht<\/h4>\n<p>Sie k\u00f6nnen der k\u00fcnftigen Verarbeitung der Sie betreffenden Daten nach Ma\u00dfgabe des Art. 21 DSGVO jederzeit widersprechen. Der Widerspruch kann insbesondere gegen die Verarbeitung f\u00fcr Zwecke der Direktwerbung erfolgen.<\/p>\n<p>Ihnen stehen grunds\u00e4tzlich die Rechte auf Auskunft, Berichtigung, L\u00f6schung, Einschr\u00e4nkung, Daten\u00fcbertragbarkeit, Widerruf und Widerspruch zu. Wenn Sie glauben, dass die Verarbeitung Ihrer Daten gegen das Datenschutzrecht verst\u00f6\u00dft oder Ihre datenschutzrechtlichen Anspr\u00fcche sonst in einer Weise verletzt worden sind, k\u00f6nnen Sie sich bei der Aufsichtsbeh\u00f6rde beschweren. In \u00d6sterreich ist dies die Datenschutzbeh\u00f6rde.<\/p>\n<h4>Datenverarbeitung auf dieser Internetseite<\/h4>\n<p>Ich erhebt und speichere automatisch in den Server-Log-Files Informationen, die Ihr Browser an uns \u00fcbermittelt. Diese Daten sind f\u00fcr mich nicht bestimmten Personen zuordenbar. Eine Zusammenf\u00fchrung dieser Daten mit anderen Datenquellen wird nicht vorgenommen, die Daten werden zudem nach einer statistischen Auswertung gel\u00f6scht.<\/p>\n<p>Wir weisen darauf hin, dass zum Zweck des einfacheren Einkaufsvorganges und zur sp\u00e4teren Vertragsabwicklung im Rahmen von Cookies die IP-Daten des Anschlussinhabers gespeichert werden, ebenso wie Name, Anschrift und Bankdaten des K\u00e4ufers.<\/p>\n<p>Die von Ihnen bereit gestellten Daten sind zur Vertragserf\u00fcllung bzw. zur Durchf\u00fchrung vertraglicher Ma\u00dfnahmen erforderlich. Ohne diese Daten k\u00f6nnen wir den Kaufvertrag mit Ihnen nicht abschlie\u00dfen. Eine Daten\u00fcbermittlung an Dritte erfolgt nicht, mit Ausnahme der \u00dcbermittlung der Bankdaten an die abwickelnden Bankinstitute \/ Zahlungsdienstleister zum Zwecke der Abbuchung des Einkaufspreises, an das von uns beauftragte Transportunternehmen\/Versandunternehmen zur Zustellung der Ware sowie an unseren Steuerberater zur Erf\u00fcllung unserer steuerrechtlichen Verpflichtungen.<\/p>\n<p>Nach Abbruch des Einkaufsvorganges werden die bei uns gespeicherten Daten gel\u00f6scht. Im Falle eines Vertragsabschlusses werden s\u00e4mtliche Daten aus dem Vertragsverh\u00e4ltnis bis zum Ablauf der steuerrechtlichen Aufbewahrungsfrist (7 Jahre) gespeichert.<\/p>\n<h4>Cookies<\/h4>\n<p>Unsere Website verwendet so genannte Cookies. Dabei handelt es sich um kleine Textdateien, die mit Hilfe des Browsers auf Ihrem Endger\u00e4t abgelegt werden. Die meisten der von uns verwendeten Cookies sind so genannte \u201eSession-Cookies\u201c. Sie werden nach Ende Ihres Besuchs automatisch gel\u00f6scht. Cookies richten auf Ihrem Rechner keinen Schaden an und enthalten keine Viren.<\/p>\n<p>Wir nutzen Cookies dazu, unser Angebot nutzerfreundlich, effektiver und sicherer zu gestalten. Einige Cookies bleiben auf Ihrem Endger\u00e4t gespeichert, bis Sie diese l\u00f6schen. Sie erm\u00f6glichen es uns, Ihren Browser beim n\u00e4chsten Besuch wiederzuerkennen.<\/p>\n<p>Wenn Sie dies nicht w\u00fcnschen, so k\u00f6nnen Sie Ihren Browser so einrichten, dass er Sie \u00fcber das Setzen von Cookies informiert und Sie dies nur im Einzelfall erlauben. Bei der Deaktivierung von Cookies kann die Funktionalit\u00e4t unserer Website eingeschr\u00e4nkt sein.<\/p>\n<h4>Personenbezogene Daten bei Kunden<\/h4>\n<p>Als Kunde von mir \u00fcbermitteln Sie mir Daten zu Ihrer Person, die f\u00fcr eine Bestellung notwendig sind. Diese Daten werden im Rahmen der technischen M\u00f6glichkeiten sicher verwahrt und ausschlie\u00dflich zu dem Zweck verwendet zu dem Sie uns bekannt gegeben wurden. Im Fall einer Bestellung dient die Datenverarbeitung somit ausschlie\u00dflich der Bestellungsabwicklung. Wenn Sie unseren E-Mail-Newsletter bestellt haben, dient die Verarbeitung Ihrer E-Mail-Adresse ausschlie\u00dflich dem Versand der Newsletter an Sie. Ihre Daten werden in keinem Fall verkauft oder an Dritte weitergegeben.<\/p>\n<h4>Zusammenarbeit mit Auftragsverarbeitern und Dritten<\/h4>\n<p>Sofern wir im Rahmen unserer Verarbeitung Daten gegen\u00fcber anderen Personen und Unternehmen (Auftragsverarbeitern oder Dritten) offenbaren, sie an diese \u00fcbermitteln oder ihnen sonst Zugriff auf die Daten gew\u00e4hren, erfolgt dies nur auf Grundlage einer gesetzlichen Erlaubnis (z.B. wenn eine \u00dcbermittlung der Daten an Dritte, wie an Zahlungsdienstleister, gem. Art. 6 Abs. 1 lit. b DSGVO zur Vertragserf\u00fcllung erforderlich ist), Sie eingewilligt haben, eine rechtliche Verpflichtung dies vorsieht oder auf Grundlage unserer berechtigten Interessen (z.B. beim Einsatz von Beauftragten, Webhostern, etc.).<br \/>Sofern wir Dritte mit der Verarbeitung von Daten auf Grundlage eines sog. \u201eAuftragsverarbeitungsvertrages\u201c beauftragen, geschieht dies auf Grundlage des Art. 28 DSGVO.<\/p>\n<h4>Newsletter<\/h4>\n<p>Sie haben die M\u00f6glichkeit, sich auf unserer Website f\u00fcr einen E-Mail-Newsletter anzumelden. Dazu m\u00fcssen Sie lediglich Ihre E-Mail-Adresse im daf\u00fcr vorgesehenen Feld eintragen. Wenn Sie per Formular auf der Website oder per E-Mail Kontakt mit uns aufnehmen, werden Ihre angegebenen Daten zwecks Bearbeitung der Anfrage und f\u00fcr den Fall von Anschlussfragen bei uns gespeichert. Diese Daten geben wir nie ohne Ihre Einwilligung weiter. Sobald Sie sich f\u00fcr den Newsletter angemeldet haben, senden wir Ihnen ein Best\u00e4tigungs-E-Mail mit einem Link zur Best\u00e4tigung der Anmeldung.<\/p>\n<p>Die Speicherung und Verarbeitung Ihrer E-Mail-Adresse dient in diesem Fall ausschlie\u00dflich dazu, Ihnen den gew\u00fcnschten Newsletter zu \u00fcbermitteln. Der Inhalt des Newsletters dient Werbezwecken. Insbesondere werden in unserem Newsletter unsere Produkte und Dienstleistungen beworben. Sie k\u00f6nnen den Newsletter jederzeit abbestellen, indem Sie in einem Newsletter auf den Link \u201eNewsletter abbestellen\u201c klicken.<\/p>\n<h4>Facebook<\/h4>\n<p>Unsere Website enth\u00e4lt Plug-ins des sozialen Netzwerkes Facebook. Es handelt sich dabei um Programme, mit denen Sie unmittelbar von meiner homepage auf Ihr Facebook-Profil zugreifen k\u00f6nnen. Diese werden ausschlie\u00dflich von der Facebook Inc., 1601 S California Avenue, Palo Alto, CA 94304, USA, betrieben. Sie erkennen die Facebook-Plug-ins auf unserer Internetseite durch die Verwendung des \u201eGef\u00e4llt mir\u201c-Knopfes. Wenn Sie Bereiche unserer Website besuchen, die mit dem Facebook-Plug-in versehen sind, stellt Ihr Internetbrowser eine Verbindung mit den Servern von Facebook her, sodass die Information, dass Sie unsere Website besucht haben, an Facebook \u00fcbermittelt wird. Sofern Sie w\u00e4hrend des Besuches dieser Website bei Ihrem Facebook-Account angemeldet sind, kann Ihr Besuch diesem Konto zugeordnet werden. Bei einem Klick auf den \u201eGef\u00e4llt mir\u201c-Knopf wird Ihr Besuch auf der Website zus\u00e4tzlich als Pinnwand-Eintrag in Ihr Facebook-Profil \u00fcbertragen. Diese Informationen werden direkt bei Facebook gespeichert. Sie k\u00f6nnen die \u00dcbermittlung dieser Daten dadurch verhindern, dass Sie sich vor dem Besuch der Website bei Ihrem Facebook-Konto abmelden.<\/p>\n<p>Die Datenschutzhinweise von Facebook k\u00f6nnen Sie unter <a href=\"http:\/\/de-de.facebook.com\/privacy\/explanation.php\" target=\"_blank\" rel=\"noopener noreferrer\">http:\/\/de-de.facebook.com\/privacy\/explanation.php<\/a> aufrufen.<\/p>\n<h4>Google Analytics<\/h4>\n<p>Unsere Website benutzt Google Analytics, einen Webanalysedienst der Google Inc. (\u201eGoogle\u201c).<br \/>Google Analytics verwendet sog. \u201eCookies\u201c, Textdateien, die auf Ihrem Computer gespeichert werden und die eine Analyse der Benutzung der Website durch Sie erm\u00f6glicht. Die durch den Cookie erzeugten Informationen \u00fcber Ihre Benutzung diese Website (einschlie\u00dflich Ihrer anonymisierten IP-Adresse) wird an einen Server von Google in den USA \u00fcbertragen und dort gespeichert.<br \/>Google wird diese Informationen benutzen, um Ihre Nutzung der Website auszuwerten, um Reports \u00fcber die Websiteaktivit\u00e4ten f\u00fcr die Websitebetreiber zusammenzustellen und um weitere mit der Websitenutzung und der Internetnutzung verbundene Dienstleistungen zu erbringen.<br \/>Auch wird Google diese Informationen gegebenenfalls an Dritte \u00fcbertragen, sofern dies gesetzlich vorgeschrieben oder soweit Dritte diese Daten im Auftrag von Google verarbeiten. Google wird in keinem Fall Ihre IP-Adresse mit anderen Daten der Google in Verbindung bringen.<\/p>\n<p>Sie k\u00f6nnen die Installation der Cookies durch eine entsprechende Einstellung Ihrer Browser Software verhindern; wir weisen Sie jedoch darauf hin, dass Sie in diesem Fall gegebenenfalls nicht s\u00e4mtliche Funktionen dieser Website voll umf\u00e4nglich nutzen k\u00f6nnen.<br \/>Durch die Nutzung dieser Website erkl\u00e4ren Sie sich mit der Bearbeitung der \u00fcber Sie erhobenen Daten durch Google in der zuvor beschriebenen Art und Weise und zu dem zuvor benannten Zweck soweit einverstanden.<br \/>Der Datenerhebung und -speicherung durch Google Analytics k\u00f6nnen Sie jederzeit mit Wirkung f\u00fcr die Zukunft widersprechen, indem Sie ein Browser-Add-on zur Deaktivierung von Google Analytics herunterladen und f\u00fcr Ihren Browser installieren.<\/p>\n<p>Das Deaktivierungs-Add-on finden Sie hier: <a href=\"https:\/\/tools.google.com\/dlpage\/gaoptout?hl=de\" target=\"_blank\" rel=\"noopener noreferrer\">https:\/\/tools.google.com\/dlpage\/gaoptout?hl=de<\/a><\/p>\n<p>&nbsp;<\/p>\n<\/div><div class=\"fusion-clearfix\"><\/div><\/div><\/div><\/div><\/div>","protected":false},"excerpt":{"rendered":"","protected":false},"author":1,"featured_media":0,"parent":0,"menu_order":0,"comment_status":"closed","ping_status":"closed","template":"","meta":{"footnotes":""},"class_list":["post-14410","page","type-page","status-publish","hentry"],"jetpack_sharing_enabled":true,"_links":{"self":[{"href":"https:\/\/www.hollauf.at\/uschi\/wp-json\/wp\/v2\/pages\/14410","targetHints":{"allow":["GET"]}}],"collection":[{"href":"https:\/\/www.hollauf.at\/uschi\/wp-json\/wp\/v2\/pages"}],"about":[{"href":"https:\/\/www.hollauf.at\/uschi\/wp-json\/wp\/v2\/types\/page"}],"author":[{"embeddable":true,"href":"https:\/\/www.hollauf.at\/uschi\/wp-json\/wp\/v2\/users\/1"}],"replies":[{"embeddable":true,"href":"https:\/\/www.hollauf.at\/uschi\/wp-json\/wp\/v2\/comments?post=14410"}],"version-history":[{"count":4,"href":"https:\/\/www.hollauf.at\/uschi\/wp-json\/wp\/v2\/pages\/14410\/revisions"}],"predecessor-version":[{"id":14524,"href":"https:\/\/www.hollauf.at\/uschi\/wp-json\/wp\/v2\/pages\/14410\/revisions\/14524"}],"wp:attachment":[{"href":"https:\/\/www.hollauf.at\/uschi\/wp-json\/wp\/v2\/media?parent=14410"}],"curies":[{"name":"wp","href":"https:\/\/api.w.org\/{rel}","templated":true}]}}