{"id":13016,"date":"2014-12-14T08:04:52","date_gmt":"2014-12-14T07:04:52","guid":{"rendered":"http:\/\/www.hollauf.at\/uschi\/?page_id=13016"},"modified":"2025-09-06T08:45:06","modified_gmt":"2025-09-06T06:45:06","slug":"impressum","status":"publish","type":"page","link":"https:\/\/www.hollauf.at\/uschi\/impressum\/","title":{"rendered":"Impressum"},"content":{"rendered":"<p><div class=\"fusion-fullwidth fullwidth-box fusion-builder-row-1 hundred-percent-fullwidth non-hundred-percent-height-scrolling\" style=\"--awb-border-radius-top-left:0px;--awb-border-radius-top-right:0px;--awb-border-radius-bottom-right:0px;--awb-border-radius-bottom-left:0px;--awb-overflow:visible;--awb-flex-wrap:wrap;\" ><div class=\"fusion-builder-row fusion-row\"><div class=\"fusion-layout-column fusion_builder_column fusion-builder-column-0 fusion_builder_column_1_5 1_5 fusion-one-fifth fusion-column-first\" style=\"--awb-bg-size:cover;width:16.8%; margin-right: 4%;\"><div class=\"fusion-column-wrapper fusion-flex-column-wrapper-legacy\"><div class=\"fusion-clearfix\"><\/div><\/div><\/div><div class=\"fusion-layout-column fusion_builder_column fusion-builder-column-1 fusion_builder_column_3_5 3_5 fusion-three-fifth\" style=\"--awb-bg-size:cover;width:58.4%; margin-right: 4%;\"><div class=\"fusion-column-wrapper fusion-flex-column-wrapper-legacy\"><div class=\"fusion-text fusion-text-1\"><h3>Impressum<\/h3>\n<p>Mag. Ursula Hollauf &#8211; S\u00e4ngerin<br \/>\nJosef Sch\u00f6ffel-Stra\u00dfe 19<br \/>\n3013 Tullnerbach<br \/>\nE-Mail uschi@hollauf.at<br \/>\nTel +43 650 6108142<\/p>\n<h4>Inhalt<\/h4>\n<p>Pr\u00e4sentation der S\u00e4ngerin Uschi Hollauf<\/p>\n<h4>Haftung f\u00fcr Inhalte<\/h4>\n<p>Die Inhalte meiner Seiten wurden mit gr\u00f6\u00dfter Sorgfalt erstellt. Ich schlie\u00dfe jede Haftung oder Garantie hinsichtlich der Genauigkeit, Vollst\u00e4ndigkeit und Aktualit\u00e4t der auf dieser Webseite bereitgestellten Informationen oder f\u00fcr m\u00f6gliche Folgen, die aus der Nutzung der Informationen resultieren, aus. Dies gilt insbesondere f\u00fcr Webseiten, auf die mittels Hyperlink verwiesen wird. Auf den Inhalt dieser Seiten habe ich keinen Einfluss.<\/p>\n<p>Der Inhalt (alle Texte, Musik, Daten und Bilder) und die Gestaltung der Webseite unterliegen dem Schutz des Urheberrechts und anderer Gesetze zum Schutz geistigen Eigentums, unabh\u00e4ngig von jeglicher Kennzeichnung. Durch diese Webseite wird keine Lizenz zur Nutzung des geistigen Eigentums von Uschi Hollauf gew\u00e4hrt.<\/p>\n<p>Satz- und Druckfehler vorbehalten.\u00a0Alle Rechte vorbehalten.<\/p>\n<\/div><div class=\"fusion-clearfix\"><\/div><\/div><\/div><div class=\"fusion-layout-column fusion_builder_column fusion-builder-column-2 fusion_builder_column_1_5 1_5 fusion-one-fifth fusion-column-last\" style=\"--awb-bg-size:cover;width:16.8%;\"><div class=\"fusion-column-wrapper fusion-flex-column-wrapper-legacy\"><div class=\"fusion-clearfix\"><\/div><\/div><\/div><\/div><\/div><br \/>\n<div class=\"woocommerce woocommerce-gzd woocommerce-gzd-complaints-shortcode\">\n\t\t\t<h3>Information gem. \u00a7 19 Abs 3 AStG<\/h3>\n\t\t<p>Alternative Streitbeilegung Gesetz - Online Gesch\u00e4fte<\/p>\n\t\nZur Teilnahme an einem Streitbeilegungsverfahren vor einer Verbraucherschlichtungsstelle sind wir nicht verpflichtet und nicht bereit.<\/div><\/p>\n","protected":false},"excerpt":{"rendered":"","protected":false},"author":1,"featured_media":0,"parent":0,"menu_order":0,"comment_status":"open","ping_status":"open","template":"","meta":{"footnotes":""},"class_list":["post-13016","page","type-page","status-publish","hentry"],"jetpack_sharing_enabled":true,"_links":{"self":[{"href":"https:\/\/www.hollauf.at\/uschi\/wp-json\/wp\/v2\/pages\/13016","targetHints":{"allow":["GET"]}}],"collection":[{"href":"https:\/\/www.hollauf.at\/uschi\/wp-json\/wp\/v2\/pages"}],"about":[{"href":"https:\/\/www.hollauf.at\/uschi\/wp-json\/wp\/v2\/types\/page"}],"author":[{"embeddable":true,"href":"https:\/\/www.hollauf.at\/uschi\/wp-json\/wp\/v2\/users\/1"}],"replies":[{"embeddable":true,"href":"https:\/\/www.hollauf.at\/uschi\/wp-json\/wp\/v2\/comments?post=13016"}],"version-history":[{"count":6,"href":"https:\/\/www.hollauf.at\/uschi\/wp-json\/wp\/v2\/pages\/13016\/revisions"}],"predecessor-version":[{"id":14876,"href":"https:\/\/www.hollauf.at\/uschi\/wp-json\/wp\/v2\/pages\/13016\/revisions\/14876"}],"wp:attachment":[{"href":"https:\/\/www.hollauf.at\/uschi\/wp-json\/wp\/v2\/media?parent=13016"}],"curies":[{"name":"wp","href":"https:\/\/api.w.org\/{rel}","templated":true}]}}